 601 = -2*n, 3*p = 3*n + 3786. Let w(s) = p + 7*s + 0*s - s**2 - 1259. What is w(r)?
8
Let g(w) = -23*w**2 - 186*w - 19. Let a be g(-8). Let s(z) be the first derivative of z**3 + 2*z**2 + z - 1. Give s(a).
16
Let t(v) = 30*v**2 + v + 2. Let u(y) = -49*y**2 - 4. Let n(r) = 5*t(r) + 3*u(r). What is n(1)?
6
Let v(d) be the first derivative of -d**4/24 - 5*d**3/6 + 5*d**2/2 - d - 27. Let z(a) be the second derivative of v(a). What is z(-6)?
1
Let y be 108/24*(2/15)/((-15)/(-50)). Let j(l) = l**3 - 4*l**2 - 5*l + 5. Calculate j(y).
-13
Let j(d) = 15*d**3 - d. Let r(q) = 220 + 26*q - 437 + q**3 - 26*q**2 + 193. Let f be r(25). Determine j(f).
14
Let x(l) = l**2 + 22*l + 86. Let q(p) = -p**3 + 8*p**2 - 7*p + 39. Let d be q(8). Determine x(d).
1
Let o(r) be the second derivative of -7*r**3/6 - 5*r**2/2 - 432*r. Determine o(7).
-54
Suppose 210 = -77*m + 1211. Let w(h) = -h**3 + 13*h**2 + 2*h - 17. Give w(m).
9
Let t(w) = w**2 - 8*w - 18. Suppose -38*n + 36*n - 5*o = -48, -3*o = 6*n - 72. What is t(n)?
-9
Let w = 102 + -98. Let q be 6 + 1*(-1 + w). Let k(r) be the second derivative of -r**4/12 + 5*r**3/3 - 11*r**2/2 - r. Give k(q).
-2
Let l(i) = 3*i - 2*i + i**2 - 1 + 0*i**2. Suppose 7*j - 78 = 34. Suppose -14*t = 2*t - j. Calculate l(t).
1
Let k(f) = -f**2 - 4*f**3 + 5*f**2 + 5*f**3 + 5*f + 3. Suppose 0 = -87*c + 97*c - 60. Let o be (2/c - 0/5)*-9. Determine k(o).
-3
Let p(v) = v**3 + 4*v**2 + 4*v + 1. Let k(d) = d**3 + 4*d**2 + 5*d + 1. Let j(n) = 4*k(n) - 5*p(n). Let r = 73 - 42. Suppose 23*g - r*g = 32. Give j(g).
-1
Suppose 7 = -a - 3*h + 24, -2*h = a - 13. Suppose 0 = -3*x - a*i - 16, -12 = 3*x + i + 2*i. Let w be (2 + 4 + -16)/x. Let n(m) = -m + 7. Determine n(w).
2
Suppose -3*t - 6 - 3 = 0. Let v(a) = -a**2 + 3*a + 3. Let h(m) = 2*m**2 - m - 2. Let w(j) = t*v(j) - 2*h(j). What is w(-7)?
-5
Suppose 21*w = 2*w + 95. Let d(f) = f**2 + 7*f - 13. Let y be d(-9). Let x(b) = y*b - b + b**2 - 2*b**2 - 2. Determine x(w).
-7
Let u be 5/20 - (-50)/(-8). Let q(r) = -7*r + 8. Calculate q(u).
50
Let j(q) = 2*q**2 - 25*q - 1. Let u be j(11). Let b = u + 43. Suppose -7*m = -30 + b. Let t(r) = r**3 - 3*r**2 + r + 1. Calculate t(m).
4
Suppose -13*q + 88 - 23 = 0. Suppose 1 = -q*k + 4*v + 2, 5*k + 5*v = -35. Let g(b) = -b - 1. Calculate g(k).
2
Let o(u) = -2*u - 6. Suppose 0 = 9*f - 732 + 336. Suppose -4*k + 63 = -133. Suppose -f = m - k. Give o(m).
-16
Let s(t) be the first derivative of 27*t**3 - 3*t**2/2 + t - 7217. Give s(1).
79
Let d be (65/(-143))/((-9)/99). Let o(y) be the third derivative of 2/3*y**3 + 0 + 0*y - 1/20*y**d - 24*y**2 - 1/8*y**4 + 1/120*y**6. Determine o(3).
-5
Let i(d) = -104*d - 8*d**2 - 101*d + 9*d**2 + 225*d - 17. Determine i(-21).
4
Let w(m) = 8*m**3 - 27*m**2 + 51*m + 271. Let f(p) = 5*p**3 - 17*p**2 + 32*p + 169. Let z(x) = -19*f(x) + 12*w(x). What is z(0)?
41
Suppose -373 = 3*x + 1133. Let d = 499 + x. Let b(y) = -y - 7. What is b(d)?
-4
Let q = -2 + 0. Let t = -508 - -522. Let a(m) = 0 + 50*m - t*m - 11*m - 20*m + 2. Determine a(q).
-8
Let a(f) = -5*f - 39. Suppose -19*b + 26 = -23*b - 2*v, 3*v + 31 = -5*b. Calculate a(b).
1
Let a(n) = 16*n + 2*n**3 - n**3 + 18*n - 15 - 7*n**2 - 33*n + 0*n**3. What is a(7)?
-8
Suppose j = -4*l + 17, -7 = -4*j - 3. Let d(i) be the first derivative of i**3/3 - 2*i**2 + 2*i + 14. Calculate d(l).
2
Let n be (-30)/4*9/((-180)/32). Let x(j) = -9*j + 30*j - 13*j - 9*j + 15. Calculate x(n).
3
Let g = 24 - 19. Suppose -g*i = -0 - 40. Suppose 3*f + 17 = i. Let o(k) = -2*k - 1. Calculate o(f).
5
Let b = 14 + -12. Suppose 10*w - 18 = b. Let c(q) = -3*q + 5. Let i(g) = 3*g - 5. Let j(x) = -6*c(x) - 5*i(x). Give j(w).
1
Let i(t) = -t**3 + 9*t**2 - 10*t + 8. Let v be (2 + 0)/(3/(-120)*-4). Let g be ((-16)/v + 2)/(1/30). Suppose 2*u - 4*w - g = 0, -16 - 4 = 4*w. Give i(u).
-8
Suppose -4*t - t = -5. Let q be 2/(-5) - ((-1272)/5 + t). Let i(v) = 1 + 1 - q*v + 256*v. What is i(-3)?
-7
Let n(c) = -5*c. Let b(u) = 14*u. Let m(y) = 3*b(y) + 8*n(y). Let s(k) = 8*k - 1. Let v(l) = 5*m(l) - s(l). Give v(-2).
-3
Suppose 3*z + 11 = 2*z + 4*n, z = -4*n + 21. Let h(o) = -3*o**3 - 2*o**2 + 1. Let d be h(-1). Let q(i) = 7*i - i + 61*i**d - 6 - 62*i**2. Calculate q(z).
-1
Let s be (-1083)/(-209) - 4/22. Let l(u) = 13 - s*u + 4*u - 10. Give l(5).
-2
Let a(d) = -4*d + 4. Let z(l) = l + 8. Let i be z(9). Let o = -13 + i. Suppose o*b + 8 = 3*q, 3*q + 4*b - 32 = q. Calculate a(q).
-28
Let q(r) = -19*r**2 - 17*r**2 - 2*r**2 + 69*r - 4 + 66*r + 46*r**2. What is q(-17)?
13
Let x(d) = -2*d**2 + 43*d - 145. Let a be x(17). Let b be (-11 - (a - 14))/(-1). Let q(y) = y**3 - 3*y**2 - 6*y - 1. Determine q(b).
19
Let m(p) = p**3 - 7*p**2 + 5*p + 8. Let j = 118 - 124. Let t be 9/(j/(-9) + (-30)/(-36)). What is m(t)?
2
Let d(o) = 2*o**3 - 27*o**2 + 25*o + 33. Let i(t) = -5*t**3 + 58*t**2 - 52*t - 62. Let x(v) = -9*d(v) - 4*i(v). Calculate x(-6).
17
Let l(p) = 29334 - 58670 + 4*p + 29322. Give l(9).
22
Suppose -24 = 3*r + l, -r - 9*l - 16 = -6*l. Let t(c) = -2*c**2 - c + 39. Let d(m) = m**2 + m - 19. Let j(v) = 9*d(v) + 4*t(v). Give j(r).
-1
Let q(y) be the third derivative of -y**7/5040 + y**6/240 - 5*y**5/4 - 2*y**2 + 18*y. Let j(u) be the third derivative of q(u). Give j(-6).
9
Let c(p) = p - 5. Let w be c(7). Let s(b) be the first derivative of -b**3/3 + b**2/2 + 2*b - 587. What is s(w)?
0
Let h(z) = 11*z**2 + z**3 + 7*z + 21 - 11*z - 7*z - 20. What is h(-12)?
-11
Let c(q) = -11*q**2 + 3. Let y = 14841 + -14840. Determine c(y).
-8
Let f(b) = 54*b + 67. Suppose 17*m - 33 = r + 21*m, -12 = -4*r + 2*m. Determine f(r).
13
Let x(t) = t + 13. Let f = 646 - 554. Suppose -104*j + f*j = 192. What is x(j)?
-3
Let f(c) be the first derivative of -c**4/4 + 10*c**3/3 - 8*c**2 + 4*c - 279. What is f(8)?
4
Let y(r) = -r**2 + 37*r + 8. Let p be y(11). Let m = p + -294. Let d(t) = 4*t + 5. What is d(m)?
5
Let b(m) be the third derivative of 17*m**5/60 + 5*m**4/24 - 14*m**3/3 - 2*m**2 - 32*m. Let r(h) = 12*h**2 + 3*h - 19. Let t(f) = -5*b(f) + 7*r(f). Give t(-5).
2
Let o(l) = 2*l**2 - 11*l + 8. Let k = -3436 - -3443. Determine o(k).
29
Let n(a) = a**3 - 4*a + 1240*a**2 - 1240*a**2 + 4. What is n(-3)?
-11
Let k(m) = -15*m - 24*m**2 - 81 + m**3 + 15 - 8*m. Give k(25).
-16
Let y(c) = 7*c + 29. Let m = -87 - -92. Let r(d) = -10*d - 43. Let x(q) = m*r(q) + 7*y(q). Give x(-11).
-1
Let x(r) = -2*r**2 + 29*r - 26. Suppose 0 = -43*y + 196 + 363. Calculate x(y).
13
Let b(k) be the first derivative of -6*k**2 - 10*k - 19. Let u(z) = 10*z + 9. Let j(n) = -4*b(n) - 5*u(n). Give j(5).
-15
Let x be 2/(-7) - 46/(-14). Let r(q) = -975*q**2 - 971*q**2 - 979*q**2 + 3909*q**2 - 4*q - 982*q**2. Determine r(x).
6
Let p(n) = -2*n**3 + 23*n**2 + 11*n + 10. Let q be -1 - -4*77/140 - 54/(-5). Give p(q).
-2
Let g(b) = -4*b**2 - b**3 + 945*b - 4*b**2 - 1877*b + 3 + 937*b. Give g(-7).
-81
Let y = 374 - 627. Let v = -248 - y. Let z(h) = 5*h + 6. Determine z(v).
31
Let d(t) = t - 8. Suppose 110*u = 92*u + 2592. Suppose -26*g + 2*g - u = 0. What is d(g)?
-14
Let m(z) be the third derivative of 0*z**3 - 1/24*z**4 + 1/12*z**5 + 14*z**2 + 0 + 0*z. Let d(g) = 2*g**2 - g - 2. Let w be d(1). Calculate m(w).
6
Let n(f) = -f**3 + 6*f**2 + 4*f + 2. Suppose 5*t = 4*k - 38, 19 = 3*k - t + 2*t. Calculate n(k).
-19
Suppose 0 = 124*w - 122*w - 12. Suppose 520 = w*a + 496. Let q(j) = j**2 - 5*j + 2. Determine q(a).
-2
Let h(g) = 8*g**3 + 34*g**2 - 2*g - 12. Let p be h(-4). Let d(y) = -62*y + p*y - 1 + 33*y + 4. What is d(-4)?
7
Let f(l) be the first derivative of -103 + 8*l + 1/3*l**3 + 5/2*l**2. Calculate f(-6).
14
Let s be -11 - (-20 + 3) - (4 - 0). Let b(m) = m**2 - m - 1. Let k(j) = -3*j**3 - 2*j**2 + 5*j - 1. Let p(o) = -2*b(o) - k(o). Determine p(s).
21
Let c = -1365 + 2899. Let a(t) = 3069*t - c*t - 1529*t. What is a(-6)?
-36
Let c(h) = -h**3 - 4*h**2 + 4*h - 6. Suppose 2*l + 0*d = -5*d - 18, -4*l = -2*d + 12. Let b be (-924)/180 - l/30. Give c(b).
-1
Suppose -w = j + 2, -w - 14 = -3*j - 0. Let m(h) = -4*h**2 + 4*h**2 - 2*h**2 - h**3 + j*h**2 + 5. Suppose n + 4*n = 0. Determine m(n).
5
Let v(p) = 2*p + 1. Let x(m) = m**2 + 11*m + 3. Let k = 214 - 213. Let z(b) = k*x(b) - 6*v(b). What is z(2)?
-1
Let p be -3 - (-4 + 4 + 33). Let r(z) = 2*z + 24. Let d be r(-11). Let f be (24 + p)/(1 + (-5)/d). Let